{"id":8436,"date":"2021-02-14T16:17:12","date_gmt":"2021-02-14T15:17:12","guid":{"rendered":"http:\/\/79.190.195.46\/?page_id=8436"},"modified":"2025-09-25T12:09:43","modified_gmt":"2025-09-25T10:09:43","slug":"dokumenty-szkolne","status":"publish","type":"page","link":"http:\/\/sp.uchanie.pl\/index.php\/dokumenty-szkolne\/","title":{"rendered":"Dokumenty szkolne"},"content":{"rendered":"<h1 style=\"text-align: center;\">Dokumenty szkolne<\/h1>\n<hr \/>\n<p><a href=\"http:\/\/sp.uchanie.pl\/index.php\/dokumenty-szkolne\/koncepcja-pracy-szkoly\/\">Koncepcja pracy szko\u0142y<\/a><\/p>\n<p><a href=\"http:\/\/sp.uchanie.pl\/wp-content\/uploads\/2025\/09\/PROGRAM-WYCHOWAWCZY.pdf\">PROGRAM PROFILAKTYCZNO &#8211; WYCHOWAWCZY<\/a><\/p>\n<p><a href=\"http:\/\/sp.uchanie.pl\/index.php\/dokumenty-szkolne\/regulaminy\/\">Regulaminy<\/a><\/p>\n<p><a href=\"http:\/\/sp.uchanie.pl\/index.php\/dokumenty-szkolne\/procedury-zarzadzania-dyrektora\/\">Procedury<\/a><\/p>\n<p><a href=\"http:\/\/sp.uchanie.pl\/index.php\/dokumenty-szkolne\/zarzadzenia-dyrektora\/\">Zarz\u0105dzenia dyrektora<\/a><\/p>\n<p><a href=\"http:\/\/sp.uchanie.pl\/index.php\/dokumenty-szkolne\/szkolny-zestaw-podrecznikow\/\">Szkolny zestaw podr\u0119cznik\u00f3w<\/a><\/p>\n<p><a href=\"http:\/\/sp.uchanie.pl\/wp-content\/uploads\/2025\/09\/nowy-program-realizacji-doradztwa-zawodowego.pdf\">program realizacji doradztwa zawodowego<\/a><\/p>\n<hr \/>\n<p>&nbsp;<\/p>\n","protected":false},"excerpt":{"rendered":"<p>Dokumenty szkolne Koncepcja pracy szko\u0142y PROGRAM PROFILAKTYCZNO &#8211; WYCHOWAWCZY Regulaminy Procedury Zarz\u0105dzenia dyrektora Szkolny zestaw podr\u0119cznik\u00f3w program realizacji doradztwa zawodowego &nbsp;<\/p>\n","protected":false},"author":1,"featured_media":0,"parent":0,"menu_order":0,"comment_status":"closed","ping_status":"closed","template":"","meta":{"footnotes":""},"class_list":["post-8436","page","type-page","status-publish","hentry"],"_links":{"self":[{"href":"http:\/\/sp.uchanie.pl\/index.php\/wp-json\/wp\/v2\/pages\/8436","targetHints":{"allow":["GET"]}}],"collection":[{"href":"http:\/\/sp.uchanie.pl\/index.php\/wp-json\/wp\/v2\/pages"}],"about":[{"href":"http:\/\/sp.uchanie.pl\/index.php\/wp-json\/wp\/v2\/types\/page"}],"author":[{"embeddable":true,"href":"http:\/\/sp.uchanie.pl\/index.php\/wp-json\/wp\/v2\/users\/1"}],"replies":[{"embeddable":true,"href":"http:\/\/sp.uchanie.pl\/index.php\/wp-json\/wp\/v2\/comments?post=8436"}],"version-history":[{"count":12,"href":"http:\/\/sp.uchanie.pl\/index.php\/wp-json\/wp\/v2\/pages\/8436\/revisions"}],"predecessor-version":[{"id":23223,"href":"http:\/\/sp.uchanie.pl\/index.php\/wp-json\/wp\/v2\/pages\/8436\/revisions\/23223"}],"wp:attachment":[{"href":"http:\/\/sp.uchanie.pl\/index.php\/wp-json\/wp\/v2\/media?parent=8436"}],"curies":[{"name":"wp","href":"https:\/\/api.w.org\/{rel}","templated":true}]}}