{"id":8101,"date":"2020-10-23T23:02:51","date_gmt":"2020-10-23T21:02:51","guid":{"rendered":"http:\/\/79.190.195.46\/?page_id=8101"},"modified":"2020-10-23T23:08:24","modified_gmt":"2020-10-23T21:08:24","slug":"platforma-edukacyjna-gsuite","status":"publish","type":"page","link":"http:\/\/sp.uchanie.pl\/index.php\/platforma-edukacyjna-gsuite\/","title":{"rendered":"Platforma Edukacyjna GSuite"},"content":{"rendered":"<p><a href=\"http:\/\/79.190.195.46\/index.php\/bezpieczenstwo\/\">Bezpiecze\u0144stwo podczas nauki zdalnej<\/a><\/p>\n<p><a href=\"http:\/\/79.190.195.46\/index.php\/logowanie-do-uslug-gsuite\/\">Logowanie do us\u0142ugi GSuite<\/a><\/p>\n<p><a href=\"http:\/\/79.190.195.46\/index.php\/pomocne-materialy\/\">Pomocne materia\u0142y<\/a><\/p>\n<p>&nbsp;<\/p>\n","protected":false},"excerpt":{"rendered":"<p>Bezpiecze\u0144stwo podczas nauki zdalnej Logowanie do us\u0142ugi GSuite Pomocne materia\u0142y &nbsp;<\/p>\n","protected":false},"author":1,"featured_media":0,"parent":0,"menu_order":0,"comment_status":"closed","ping_status":"closed","template":"","meta":{"footnotes":""},"class_list":["post-8101","page","type-page","status-publish","hentry"],"_links":{"self":[{"href":"http:\/\/sp.uchanie.pl\/index.php\/wp-json\/wp\/v2\/pages\/8101","targetHints":{"allow":["GET"]}}],"collection":[{"href":"http:\/\/sp.uchanie.pl\/index.php\/wp-json\/wp\/v2\/pages"}],"about":[{"href":"http:\/\/sp.uchanie.pl\/index.php\/wp-json\/wp\/v2\/types\/page"}],"author":[{"embeddable":true,"href":"http:\/\/sp.uchanie.pl\/index.php\/wp-json\/wp\/v2\/users\/1"}],"replies":[{"embeddable":true,"href":"http:\/\/sp.uchanie.pl\/index.php\/wp-json\/wp\/v2\/comments?post=8101"}],"version-history":[{"count":5,"href":"http:\/\/sp.uchanie.pl\/index.php\/wp-json\/wp\/v2\/pages\/8101\/revisions"}],"predecessor-version":[{"id":8106,"href":"http:\/\/sp.uchanie.pl\/index.php\/wp-json\/wp\/v2\/pages\/8101\/revisions\/8106"}],"wp:attachment":[{"href":"http:\/\/sp.uchanie.pl\/index.php\/wp-json\/wp\/v2\/media?parent=8101"}],"curies":[{"name":"wp","href":"https:\/\/api.w.org\/{rel}","templated":true}]}}