{"id":1909,"date":"2019-09-30T16:41:26","date_gmt":"2019-09-30T14:41:26","guid":{"rendered":"http:\/\/192.168.1.2\/?page_id=1909"},"modified":"2025-01-09T11:56:24","modified_gmt":"2025-01-09T10:56:24","slug":"kontakt","status":"publish","type":"page","link":"http:\/\/sp.uchanie.pl\/index.php\/kontakt\/","title":{"rendered":"KONTAKT"},"content":{"rendered":"<h1 style=\"text-align: center;\"><em><strong>Kontakt<\/strong><\/em><\/h1>\n<p style=\"text-align: center;\"><em><strong>Szko\u0142a Podstawowa im. Papie\u017ca Jana Paw\u0142a II w Uchaniach<\/strong><\/em><\/p>\n<p style=\"text-align: center;\"><em><strong>ul. Szkolna 13<\/strong><\/em><\/p>\n<p style=\"text-align: center;\"><em><strong>22-510 Uchanie<\/strong><\/em><\/p>\n<p style=\"text-align: center;\"><em><strong>pow. hrubieszowski<\/strong><\/em><\/p>\n<p style=\"text-align: center;\"><em><strong>woj. lubelskie<\/strong><\/em><\/p>\n<p style=\"text-align: center;\"><em><strong>\u00a0 \u00a0 tel.\/FAX (84)6577021, <\/strong><\/em><\/p>\n<p style=\"text-align: center;\"><em><strong>e-mail: spuchanie@uchanie.pl<\/strong><\/em><\/p>\n<p style=\"text-align: center;\"><em><strong>sekretariat@szkolauchanie.pl<\/strong><\/em><\/p>\n<h1 style=\"text-align: center;\"><strong>e-Dor\u0119czenia<\/strong><\/h1>\n<p style=\"text-align: center;\"><strong>Adres skrzynki e-Dor\u0119czenia:<\/strong> <em><b>AE:PL-62945-10235-VAFAW-24<\/b><\/em><\/p>\n<h1 style=\"text-align: center;\"><strong><em>Dyrektor szko\u0142y<\/em><\/strong><\/h1>\n<p style=\"text-align: center;\"><strong><em> mgr Marzena Zarek-Wrzyszcz<\/em><\/strong><\/p>\n<p style=\"text-align: center;\"><strong>e-mail: dyrektor@szkolauchanie.pl<\/strong><\/p>\n<p style=\"text-align: center;\"><strong><em>tel. (84) 6577020<\/em><\/strong><\/p>\n<p>&nbsp;<\/p>\n","protected":false},"excerpt":{"rendered":"<p>Kontakt Szko\u0142a Podstawowa im. Papie\u017ca Jana Paw\u0142a II w Uchaniach ul. Szkolna 13 22-510 Uchanie pow. hrubieszowski woj. lubelskie \u00a0 \u00a0 tel.\/FAX (84)6577021, e-mail: spuchanie@uchanie.pl sekretariat@szkolauchanie.pl e-Dor\u0119czenia Adres skrzynki e-Dor\u0119czenia:&#8230; <a href=\"http:\/\/sp.uchanie.pl\/index.php\/kontakt\/\">Read more &raquo;<\/a><\/p>\n","protected":false},"author":1,"featured_media":0,"parent":0,"menu_order":0,"comment_status":"closed","ping_status":"closed","template":"","meta":{"footnotes":""},"class_list":["post-1909","page","type-page","status-publish","hentry"],"_links":{"self":[{"href":"http:\/\/sp.uchanie.pl\/index.php\/wp-json\/wp\/v2\/pages\/1909","targetHints":{"allow":["GET"]}}],"collection":[{"href":"http:\/\/sp.uchanie.pl\/index.php\/wp-json\/wp\/v2\/pages"}],"about":[{"href":"http:\/\/sp.uchanie.pl\/index.php\/wp-json\/wp\/v2\/types\/page"}],"author":[{"embeddable":true,"href":"http:\/\/sp.uchanie.pl\/index.php\/wp-json\/wp\/v2\/users\/1"}],"replies":[{"embeddable":true,"href":"http:\/\/sp.uchanie.pl\/index.php\/wp-json\/wp\/v2\/comments?post=1909"}],"version-history":[{"count":15,"href":"http:\/\/sp.uchanie.pl\/index.php\/wp-json\/wp\/v2\/pages\/1909\/revisions"}],"predecessor-version":[{"id":21094,"href":"http:\/\/sp.uchanie.pl\/index.php\/wp-json\/wp\/v2\/pages\/1909\/revisions\/21094"}],"wp:attachment":[{"href":"http:\/\/sp.uchanie.pl\/index.php\/wp-json\/wp\/v2\/media?parent=1909"}],"curies":[{"name":"wp","href":"https:\/\/api.w.org\/{rel}","templated":true}]}}