{"id":1827,"date":"2019-09-23T19:25:21","date_gmt":"2019-09-23T17:25:21","guid":{"rendered":"http:\/\/192.168.1.2\/?page_id=1827"},"modified":"2025-09-23T17:24:39","modified_gmt":"2025-09-23T15:24:39","slug":"nasz-patron","status":"publish","type":"page","link":"http:\/\/sp.uchanie.pl\/index.php\/patron-i-historia\/nasz-patron\/","title":{"rendered":"Nasz patron"},"content":{"rendered":"<p><img loading=\"lazy\" decoding=\"async\" class=\"aligncenter wp-image-1825 size-medium\" src=\"http:\/\/sp.uchanie.pl\/wp-content\/uploads\/2019\/09\/nowy_jp2-300x66.png\" alt=\"\" width=\"300\" height=\"66\" srcset=\"http:\/\/sp.uchanie.pl\/wp-content\/uploads\/2019\/09\/nowy_jp2-300x66.png 300w, http:\/\/sp.uchanie.pl\/wp-content\/uploads\/2019\/09\/nowy_jp2-768x168.png 768w, http:\/\/sp.uchanie.pl\/wp-content\/uploads\/2019\/09\/nowy_jp2.png 794w\" sizes=\"auto, (max-width: 300px) 100vw, 300px\" \/><\/p>\n<p>&nbsp;<\/p>\n<p>Karol Wojty\u0142a urodzi\u0142 si\u0119 18 maja 1920r. w Wadowicach. Od \u015bmierci matki w 1929r. wychowywa\u0142 go ojciec &#8211; emerytowany oficer. Po uko\u0144czeniu gimnazjum przeni\u00f3s\u0142 si\u0119 do Krakowa, gdzie rozpocz\u0105\u0142 studia na polonistyce na Uniwersytecie Jagiello\u0144skim. Nauk\u0119 przerwa\u0142 wybuch wojny.<br \/>\nW czasie okupacji pracowa\u0142 jako robotnik w kamienio\u0142omie i fabryce chemicznej. w 1942r. rozpocz\u0105\u0142 nauk\u0119 w tajnym seminarium Wydzia\u0142u Teologicznego UJ. 1 listopada 1946r. otrzyma\u0142 \u015bwi\u0119cenia kap\u0142a\u0144skie od arcybiskupa Adama Sapiehy. Studiowa\u0142 teologi\u0119 w Rzymie, a po powrocie do kraju zosta\u0142 wikariuszem w Niegowici i w Krakowie, potem prefektem i duszpasterzem akademickim. W 1948r. otrzyma\u0142 stopie\u0144 doktora, w 1953r.<br \/>\nzako\u0144czy\u0142 habilitacj\u0119. W 1954r. po zlikwidowaniu Wydzia\u0142u Teologicznego UJ. rozpocz\u0105\u0142 wyk\u0142ady z etyki filozoficznej na Katolickim Uniwersytecie Lubelskim.<\/p>\n<p><img loading=\"lazy\" decoding=\"async\" class=\"aligncenter wp-image-1826 size-medium\" src=\"http:\/\/sp.uchanie.pl\/wp-content\/uploads\/2019\/09\/papiez1-300x300.jpg\" alt=\"\" width=\"300\" height=\"300\" srcset=\"http:\/\/sp.uchanie.pl\/wp-content\/uploads\/2019\/09\/papiez1-300x300.jpg 300w, http:\/\/sp.uchanie.pl\/wp-content\/uploads\/2019\/09\/papiez1-150x150.jpg 150w, http:\/\/sp.uchanie.pl\/wp-content\/uploads\/2019\/09\/papiez1-85x85.jpg 85w, http:\/\/sp.uchanie.pl\/wp-content\/uploads\/2019\/09\/papiez1.jpg 400w\" sizes=\"auto, (max-width: 300px) 100vw, 300px\" \/><\/p>\n<p>W 1958r. Karol Wojty\u0142a zosta\u0142 krakowskim biskupem pomocniczym, a w 1964r. &#8211; arcybiskupem. W tym czasie uczestniczy\u0142 w soborze watyka\u0144skim II. W 1967r. otrzyma\u0142 nominacj\u0119 kardynalsk\u0105, jednak nie oddali\u0142o go to od wiernych. Nadal je\u017adzi\u0142 na nartach, p\u0142ywa\u0142 kajakiem, wakacje sp\u0119dza\u0142 ze \u015bwieckimi.<br \/>\nW 1978r. po \u015bmierci Jana Paw\u0142a I, 16 pa\u017adziernika Karol Wojty\u0142a zosta\u0142 wybrany papie\u017cem. Przybra\u0142 imi\u0119 Jan Pawe\u0142 II. Podczas inauguracji pontyfikatu wyg\u0142osi\u0142 przes\u0142anie: &#8222;Nie l\u0119kajcie si\u0119! Otw\u00f3rzcie drzwi Chrystusowi!&#8221; W marcu 1979r. Jan Pawe\u0142 II og\u0142osi\u0142 &#8222;Redemptor hominis&#8221;, pierwsz\u0105 w dziejach encyklik\u0119 po\u015bwi\u0119con\u0105 chrze\u015bcija\u0144skiej antropologii. W czerwcu tego samego roku odby\u0142 pierwsz\u0105 pielgrzymk\u0119 do Polski, gdzie &#8211; jak pisa\u0142 George Weigel w &#8222;\u015awiadku nadziei&#8221; &#8211; &#8222;wywo\u0142uje rewolucj\u0119 \u015bwiadomo\u015bci, kt\u00f3ra ostatecznie bez u\u017cycia przemocy powoduje upadek imperium sowieckiego w \u015brodkowowschodniej Europie&#8221;.<\/p>\n<p><img loading=\"lazy\" decoding=\"async\" class=\"aligncenter wp-image-1824 size-medium\" src=\"http:\/\/sp.uchanie.pl\/wp-content\/uploads\/2019\/09\/jp2_2-290x300.jpg\" alt=\"\" width=\"290\" height=\"300\" srcset=\"http:\/\/sp.uchanie.pl\/wp-content\/uploads\/2019\/09\/jp2_2-290x300.jpg 290w, http:\/\/sp.uchanie.pl\/wp-content\/uploads\/2019\/09\/jp2_2.jpg 468w\" sizes=\"auto, (max-width: 290px) 100vw, 290px\" \/><\/p>\n<p>Dnia 13 maja 1981r. Papie\u017c zosta\u0142 postrzelony przez tureckiego zamachowca Mehmeta Ali Agc\u0119 &#8211; niemal cudem unikn\u0105\u0142 \u015bmierci.<br \/>\nW sierpniu 1985r. Jan Pawe\u0142 II przem\u00f3wi\u0142 do 80 tys. m\u0142odych muzu\u0142man\u00f3w w Casablance. W kwietniu 1986r. jako pierwszy w historii zwierzchnik Ko\u015bcio\u0142a rzymskokatolickiego odwiedzi\u0142 synagog\u0119 w Rzymie. Z jego inicjatywy w Asy\u017cu odby\u0142 si\u0119 w 1986r. \u015awiatowy Dzie\u0144 Modlitw o Pok\u00f3j, w kt\u00f3rym uczestniczyli<br \/>\nprzedstawiciele niemal wszystkich religii \u015bwiata. W latach 1997 &#8211; 99 Papie\u017c odby\u0142 kolejne historyczne pielgrzymki &#8211; do Sarajewa, na Kub\u0119 i do Rumunii. Podczas Wielkiego Jubileuszu Roku 2000 Papie\u017c dokona\u0142 rachunku sumienia Ko\u015bcio\u0142a i prosi\u0142 Boga o wybaczenie jego win; odby\u0142 te\u017c podr\u00f3\u017c do Ziemi \u015awi\u0119tej &#8211; Jordanii, Betlejem, Jerozolimy. Wa\u017cnym wydarzeniem 2002r. by\u0142y dla Papie\u017ca niew\u0105tpliwie XVII \u015awiatowe<br \/>\nDni M\u0142odzie\u017cy oraz p\u00f3\u017aniejsze pielgrzymki do Gwatemali i Meksyku. Karol Wojty\u0142a zmar\u0142 2 kwietnia 2005r. By\u0142 wielkim cz\u0142owiekiem obdarzonym du\u017cym poczuciem humoru, kap\u0142anem, wielbicielem Tatr, pielgrzymem, my\u015blicielem, filozofem, poet\u0105, a nade wszystko cz\u0142owiekiem \u015bwi\u0119tym.<\/p>\n<p>&nbsp;<\/p>\n<p>&nbsp;<\/p>\n","protected":false},"excerpt":{"rendered":"<p>&nbsp; Karol Wojty\u0142a urodzi\u0142 si\u0119 18 maja 1920r. w Wadowicach. Od \u015bmierci matki w 1929r. wychowywa\u0142 go ojciec &#8211; emerytowany oficer. Po uko\u0144czeniu gimnazjum przeni\u00f3s\u0142 si\u0119 do Krakowa, gdzie rozpocz\u0105\u0142&#8230; <a href=\"http:\/\/sp.uchanie.pl\/index.php\/patron-i-historia\/nasz-patron\/\">Read more &raquo;<\/a><\/p>\n","protected":false},"author":1,"featured_media":0,"parent":18039,"menu_order":0,"comment_status":"closed","ping_status":"closed","template":"","meta":{"footnotes":""},"class_list":["post-1827","page","type-page","status-publish","hentry"],"_links":{"self":[{"href":"http:\/\/sp.uchanie.pl\/index.php\/wp-json\/wp\/v2\/pages\/1827","targetHints":{"allow":["GET"]}}],"collection":[{"href":"http:\/\/sp.uchanie.pl\/index.php\/wp-json\/wp\/v2\/pages"}],"about":[{"href":"http:\/\/sp.uchanie.pl\/index.php\/wp-json\/wp\/v2\/types\/page"}],"author":[{"embeddable":true,"href":"http:\/\/sp.uchanie.pl\/index.php\/wp-json\/wp\/v2\/users\/1"}],"replies":[{"embeddable":true,"href":"http:\/\/sp.uchanie.pl\/index.php\/wp-json\/wp\/v2\/comments?post=1827"}],"version-history":[{"count":2,"href":"http:\/\/sp.uchanie.pl\/index.php\/wp-json\/wp\/v2\/pages\/1827\/revisions"}],"predecessor-version":[{"id":23183,"href":"http:\/\/sp.uchanie.pl\/index.php\/wp-json\/wp\/v2\/pages\/1827\/revisions\/23183"}],"up":[{"embeddable":true,"href":"http:\/\/sp.uchanie.pl\/index.php\/wp-json\/wp\/v2\/pages\/18039"}],"wp:attachment":[{"href":"http:\/\/sp.uchanie.pl\/index.php\/wp-json\/wp\/v2\/media?parent=1827"}],"curies":[{"name":"wp","href":"https:\/\/api.w.org\/{rel}","templated":true}]}}

<p><img loading="lazy" decoding="async" class="aligncenter wp-image-1825 size-medium" src="http://sp.uchanie.pl/wp-content/uploads/2019/09/nowy_jp2-300x66.png" alt="" width="300" height="66" srcset="http://sp.uchanie.pl/wp-content/uploads/2019/09/nowy_jp2-300x66.png 300w, http://sp.uchanie.pl/wp-content/uploads/2019/09/nowy_jp2-768x168.png 768w, http://sp.uchanie.pl/wp-content/uploads/2019/09/nowy_jp2.png 794w" sizes="auto, (max-width: 300px) 100vw, 300px" /></p>
<p>&nbsp;</p>
<p>Karol Wojtyła urodził się 18 maja 1920r. w Wadowicach. Od śmierci matki w 1929r. wychowywał go ojciec &#8211; emerytowany oficer. Po ukończeniu gimnazjum przeniósł się do Krakowa, gdzie rozpoczął studia na polonistyce na Uniwersytecie Jagiellońskim. Naukę przerwał wybuch wojny.<br />
W czasie okupacji pracował jako robotnik w kamieniołomie i fabryce chemicznej. w 1942r. rozpoczął naukę w tajnym seminarium Wydziału Teologicznego UJ. 1 listopada 1946r. otrzymał święcenia kapłańskie od arcybiskupa Adama Sapiehy. Studiował teologię w Rzymie, a po powrocie do kraju został wikariuszem w Niegowici i w Krakowie, potem prefektem i duszpasterzem akademickim. W 1948r. otrzymał stopień doktora, w 1953r.<br />
zakończył habilitację. W 1954r. po zlikwidowaniu Wydziału Teologicznego UJ. rozpoczął wykłady z etyki filozoficznej na Katolickim Uniwersytecie Lubelskim.</p>
<p><img loading="lazy" decoding="async" class="aligncenter wp-image-1826 size-medium" src="http://sp.uchanie.pl/wp-content/uploads/2019/09/papiez1-300x300.jpg" alt="" width="300" height="300" srcset="http://sp.uchanie.pl/wp-content/uploads/2019/09/papiez1-300x300.jpg 300w, http://sp.uchanie.pl/wp-content/uploads/2019/09/papiez1-150x150.jpg 150w, http://sp.uchanie.pl/wp-content/uploads/2019/09/papiez1-85x85.jpg 85w, http://sp.uchanie.pl/wp-content/uploads/2019/09/papiez1.jpg 400w" sizes="auto, (max-width: 300px) 100vw, 300px" /></p>
<p>W 1958r. Karol Wojtyła został krakowskim biskupem pomocniczym, a w 1964r. &#8211; arcybiskupem. W tym czasie uczestniczył w soborze watykańskim II. W 1967r. otrzymał nominację kardynalską, jednak nie oddaliło go to od wiernych. Nadal jeździł na nartach, pływał kajakiem, wakacje spędzał ze świeckimi.<br />
W 1978r. po śmierci Jana Pawła I, 16 października Karol Wojtyła został wybrany papieżem. Przybrał imię Jan Paweł II. Podczas inauguracji pontyfikatu wygłosił przesłanie: &#8222;Nie lękajcie się! Otwórzcie drzwi Chrystusowi!&#8221; W marcu 1979r. Jan Paweł II ogłosił &#8222;Redemptor hominis&#8221;, pierwszą w dziejach encyklikę poświęconą chrześcijańskiej antropologii. W czerwcu tego samego roku odbył pierwszą pielgrzymkę do Polski, gdzie &#8211; jak pisał George Weigel w &#8222;Świadku nadziei&#8221; &#8211; &#8222;wywołuje rewolucję świadomości, która ostatecznie bez użycia przemocy powoduje upadek imperium sowieckiego w środkowowschodniej Europie&#8221;.</p>
<p><img loading="lazy" decoding="async" class="aligncenter wp-image-1824 size-medium" src="http://sp.uchanie.pl/wp-content/uploads/2019/09/jp2_2-290x300.jpg" alt="" width="290" height="300" srcset="http://sp.uchanie.pl/wp-content/uploads/2019/09/jp2_2-290x300.jpg 290w, http://sp.uchanie.pl/wp-content/uploads/2019/09/jp2_2.jpg 468w" sizes="auto, (max-width: 290px) 100vw, 290px" /></p>
<p>Dnia 13 maja 1981r. Papież został postrzelony przez tureckiego zamachowca Mehmeta Ali Agcę &#8211; niemal cudem uniknął śmierci.<br />
W sierpniu 1985r. Jan Paweł II przemówił do 80 tys. młodych muzułmanów w Casablance. W kwietniu 1986r. jako pierwszy w historii zwierzchnik Kościoła rzymskokatolickiego odwiedził synagogę w Rzymie. Z jego inicjatywy w Asyżu odbył się w 1986r. Światowy Dzień Modlitw o Pokój, w którym uczestniczyli<br />
przedstawiciele niemal wszystkich religii świata. W latach 1997 &#8211; 99 Papież odbył kolejne historyczne pielgrzymki &#8211; do Sarajewa, na Kubę i do Rumunii. Podczas Wielkiego Jubileuszu Roku 2000 Papież dokonał rachunku sumienia Kościoła i prosił Boga o wybaczenie jego win; odbył też podróż do Ziemi Świętej &#8211; Jordanii, Betlejem, Jerozolimy. Ważnym wydarzeniem 2002r. były dla Papieża niewątpliwie XVII Światowe<br />
Dni Młodzieży oraz późniejsze pielgrzymki do Gwatemali i Meksyku. Karol Wojtyła zmarł 2 kwietnia 2005r. Był wielkim człowiekiem obdarzonym dużym poczuciem humoru, kapłanem, wielbicielem Tatr, pielgrzymem, myślicielem, filozofem, poetą, a nade wszystko człowiekiem świętym.</p>
<p>&nbsp;</p>
<p>&nbsp;</p>

<p>&nbsp; Karol Wojtyła urodził się 18 maja 1920r. w Wadowicach. Od śmierci matki w 1929r. wychowywał go ojciec &#8211; emerytowany oficer. Po ukończeniu gimnazjum przeniósł się do Krakowa, gdzie rozpoczął&#8230; <a href="http://sp.uchanie.pl/index.php/patron-i-historia/nasz-patron/">Read more &raquo;</a></p>
