{"id":12343,"date":"2022-09-21T10:48:52","date_gmt":"2022-09-21T08:48:52","guid":{"rendered":"http:\/\/192.168.40.27\/?page_id=12343"},"modified":"2022-09-21T10:48:52","modified_gmt":"2022-09-21T08:48:52","slug":"szkola-myslenia-pozytywnego","status":"publish","type":"page","link":"http:\/\/sp.uchanie.pl\/index.php\/projekty\/szkola-myslenia-pozytywnego\/","title":{"rendered":"Szko\u0142a My\u015blenia Pozytywnego"},"content":{"rendered":"<h1 class=\"p1\" style=\"text-align: center;\">Motywujemy do pozytywnego\u00a0<span class=\"s1\"><span style=\"color: #0000ff;\">dzia\u0142ania<\/span>!<\/span><\/h1>\n<hr \/>\n<p>&nbsp;<\/p>\n<p><img loading=\"lazy\" decoding=\"async\" class=\"aligncenter wp-image-12344 size-full\" src=\"http:\/\/192.168.40.27\/wp-content\/uploads\/2022\/09\/baner-300x250-smp-szkola-w-programie.jpeg\" alt=\"\" width=\"720\" height=\"600\" srcset=\"http:\/\/sp.uchanie.pl\/wp-content\/uploads\/2022\/09\/baner-300x250-smp-szkola-w-programie.jpeg 720w, http:\/\/sp.uchanie.pl\/wp-content\/uploads\/2022\/09\/baner-300x250-smp-szkola-w-programie-300x250.jpeg 300w, http:\/\/sp.uchanie.pl\/wp-content\/uploads\/2022\/09\/baner-300x250-smp-szkola-w-programie-624x520.jpeg 624w\" sizes=\"auto, (max-width: 720px) 100vw, 720px\" \/><\/p>\n<p class=\"p1\">\u00a0 \u00a0 \u00a0 \u00a0 Szko\u0142a My\u015blenia Pozytywnego to autorski program certyfikacyjny stworzony i realizowany od 2016 przez Fundacj\u0119 \u201eInstytut Edukacji Pozytywnej\u201d, do kt\u00f3rego w tym roku do\u0142\u0105czy\u0142a tak\u017ce nasza szko\u0142a.<br \/>\nG\u0142\u00f3wnym celem Programu jest promocja i profilaktyka zdrowia psychicznego dzieci i m\u0142odzie\u017cy oraz nauka jak dba\u0107 o dobrostan psychiczny, co na niego wp\u0142ywa i jak on wp\u0142ywa na nasze funkcjonowanie. Szko\u0142a My\u015blenia Pozytywnego to roczna przygoda pe\u0142na wra\u017ce\u0144, empatii, zrozumienia i pracy nad otwarto\u015bci\u0105, holistycznym dbaniem o zdrowie, o siebie i otoczenie.<\/p>\n<p class=\"p1\">W czasie trwania Programu, wsp\u00f3lnie przechodzimy przez r\u00f3\u017cnorodne aspekty wp\u0142ywaj\u0105ce na zdrowie psychiczne zar\u00f3wno dzieci i m\u0142odzie\u017cy oraz os\u00f3b doros\u0142ych z ich otoczenia.<\/p>\n<p class=\"p1\">Bior\u0105c pod uwag\u0119 zmieniaj\u0105c\u0105 si\u0119 rzeczywisto\u015b\u0107 i potrzeby wsp\u00f3\u0142czesnych dzieci i m\u0142odzie\u017cy, a tak\u017ce badania opracowane przez ekspert\u00f3w wsp\u00f3\u0142pracuj\u0105cych z Instytutem Edukacji Pozytywnej, w roku szkolnym 2022\/2023, ca\u0142o\u015b\u0107 Programu Szko\u0142a My\u015blenia Pozytywnego 2.0 zosta\u0142a podzielona na dwa modu\u0142y pierwszy po\u015bwi\u0119cony zostanie<span class=\"Apple-converted-space\">\u00a0 <\/span>komunikacji mi\u0119dzykulturowej za\u015b drugi<span class=\"Apple-converted-space\">\u00a0 <\/span>rozwi\u0105zywaniu konflikt\u00f3w w \u015brodowisku szkolnym.<\/p>\n<hr \/>\n<p>&nbsp;<\/p>\n","protected":false},"excerpt":{"rendered":"<p>Motywujemy do pozytywnego\u00a0dzia\u0142ania! &nbsp; \u00a0 \u00a0 \u00a0 \u00a0 Szko\u0142a My\u015blenia Pozytywnego to autorski program certyfikacyjny stworzony i realizowany od 2016 przez Fundacj\u0119 \u201eInstytut Edukacji Pozytywnej\u201d, do kt\u00f3rego w tym roku&#8230; <a href=\"http:\/\/sp.uchanie.pl\/index.php\/projekty\/szkola-myslenia-pozytywnego\/\">Read more &raquo;<\/a><\/p>\n","protected":false},"author":1,"featured_media":0,"parent":8421,"menu_order":0,"comment_status":"closed","ping_status":"closed","template":"","meta":{"footnotes":""},"class_list":["post-12343","page","type-page","status-publish","hentry"],"_links":{"self":[{"href":"http:\/\/sp.uchanie.pl\/index.php\/wp-json\/wp\/v2\/pages\/12343","targetHints":{"allow":["GET"]}}],"collection":[{"href":"http:\/\/sp.uchanie.pl\/index.php\/wp-json\/wp\/v2\/pages"}],"about":[{"href":"http:\/\/sp.uchanie.pl\/index.php\/wp-json\/wp\/v2\/types\/page"}],"author":[{"embeddable":true,"href":"http:\/\/sp.uchanie.pl\/index.php\/wp-json\/wp\/v2\/users\/1"}],"replies":[{"embeddable":true,"href":"http:\/\/sp.uchanie.pl\/index.php\/wp-json\/wp\/v2\/comments?post=12343"}],"version-history":[{"count":1,"href":"http:\/\/sp.uchanie.pl\/index.php\/wp-json\/wp\/v2\/pages\/12343\/revisions"}],"predecessor-version":[{"id":12345,"href":"http:\/\/sp.uchanie.pl\/index.php\/wp-json\/wp\/v2\/pages\/12343\/revisions\/12345"}],"up":[{"embeddable":true,"href":"http:\/\/sp.uchanie.pl\/index.php\/wp-json\/wp\/v2\/pages\/8421"}],"wp:attachment":[{"href":"http:\/\/sp.uchanie.pl\/index.php\/wp-json\/wp\/v2\/media?parent=12343"}],"curies":[{"name":"wp","href":"https:\/\/api.w.org\/{rel}","templated":true}]}}

Szkoła Myślenia Pozytywnego

<h1 class="p1" style="text-align: center;">Motywujemy do pozytywnego <span class="s1"><span style="color: #0000ff;">działania</span>!</span></h1>
<hr />
<p>&nbsp;</p>
<p><img loading="lazy" decoding="async" class="aligncenter wp-image-12344 size-full" src="http://192.168.40.27/wp-content/uploads/2022/09/baner-300x250-smp-szkola-w-programie.jpeg" alt="" width="720" height="600" srcset="http://sp.uchanie.pl/wp-content/uploads/2022/09/baner-300x250-smp-szkola-w-programie.jpeg 720w, http://sp.uchanie.pl/wp-content/uploads/2022/09/baner-300x250-smp-szkola-w-programie-300x250.jpeg 300w, http://sp.uchanie.pl/wp-content/uploads/2022/09/baner-300x250-smp-szkola-w-programie-624x520.jpeg 624w" sizes="auto, (max-width: 720px) 100vw, 720px" /></p>
<p class="p1">        Szkoła Myślenia Pozytywnego to autorski program certyfikacyjny stworzony i realizowany od 2016 przez Fundację „Instytut Edukacji Pozytywnej”, do którego w tym roku dołączyła także nasza szkoła.<br />
Głównym celem Programu jest promocja i profilaktyka zdrowia psychicznego dzieci i młodzieży oraz nauka jak dbać o dobrostan psychiczny, co na niego wpływa i jak on wpływa na nasze funkcjonowanie. Szkoła Myślenia Pozytywnego to roczna przygoda pełna wrażeń, empatii, zrozumienia i pracy nad otwartością, holistycznym dbaniem o zdrowie, o siebie i otoczenie.</p>
<p class="p1">W czasie trwania Programu, wspólnie przechodzimy przez różnorodne aspekty wpływające na zdrowie psychiczne zarówno dzieci i młodzieży oraz osób dorosłych z ich otoczenia.</p>
<p class="p1">Biorąc pod uwagę zmieniającą się rzeczywistość i potrzeby współczesnych dzieci i młodzieży, a także badania opracowane przez ekspertów współpracujących z Instytutem Edukacji Pozytywnej, w roku szkolnym 2022/2023, całość Programu Szkoła Myślenia Pozytywnego 2.0 została podzielona na dwa moduły pierwszy poświęcony zostanie<span class="Apple-converted-space">  </span>komunikacji międzykulturowej zaś drugi<span class="Apple-converted-space">  </span>rozwiązywaniu konfliktów w środowisku szkolnym.</p>
<hr />
<p>&nbsp;</p>

<p>Motywujemy do pozytywnego działania! &nbsp;         Szkoła Myślenia Pozytywnego to autorski program certyfikacyjny stworzony i realizowany od 2016 przez Fundację „Instytut Edukacji Pozytywnej”, do którego w tym roku&#8230; <a href="http://sp.uchanie.pl/index.php/projekty/szkola-myslenia-pozytywnego/">Read more &raquo;</a></p>
